{"id":16,"date":"2014-02-10T17:51:53","date_gmt":"2014-02-10T16:51:53","guid":{"rendered":"http:\/\/obecheralec.cz\/?page_id=16"},"modified":"2024-11-14T20:14:39","modified_gmt":"2024-11-14T19:14:39","slug":"zastupitelstvo-obce-2","status":"publish","type":"page","link":"https:\/\/www.vortova.cz\/?page_id=16","title":{"rendered":"Zastupitelstvo obce"},"content":{"rendered":"<p>Mgr. Mark\u00e9ta La\u0161t\u016fvkov\u00e1 &#8211; nez\u00e1visl\u00fd kandid\u00e1t (starostka obce)<\/p>\n<p>Ivana Nov\u00e1kov\u00e1 &#8211; nez\u00e1visl\u00fd kandid\u00e1t (m\u00edstostarostka obce)<\/p>\n<p>Lucie Kozlov\u00e1 &#8211; nez\u00e1visl\u00fd kandid\u00e1t<\/p>\n<p>Petr Klas &#8211; nez\u00e1visl\u00fd kandid\u00e1t<\/p>\n<p>Ladislav \u0160mahel ml. &#8211; nez\u00e1visl\u00fd kandid\u00e1t<\/p>\n<p>Radka Nov\u00e1kov\u00e1 &#8211; nez\u00e1visl\u00fd kandid\u00e1t<\/p>\n<p>Milan \u0160\u00edrek &#8211; nez\u00e1visl\u00fd kandid\u00e1t<\/p>\n","protected":false},"excerpt":{"rendered":"<p>Mgr. Mark\u00e9ta La\u0161t\u016fvkov\u00e1 &#8211; nez\u00e1visl\u00fd kandid\u00e1t (starostka obce) Ivana Nov\u00e1kov\u00e1 &#8211; nez\u00e1visl\u00fd kandid\u00e1t (m\u00edstostarostka obce) Lucie Kozlov\u00e1 &#8211; nez\u00e1visl\u00fd kandid\u00e1t Petr Klas &#8211; nez\u00e1visl\u00fd kandid\u00e1t Ladislav \u0160mahel ml. &#8211; nez\u00e1visl\u00fd kandid\u00e1t Radka Nov\u00e1kov\u00e1 &#8211; nez\u00e1visl\u00fd kandid\u00e1t Milan \u0160\u00edrek &#8211; nez\u00e1visl\u00fd kandid\u00e1t<\/p>\n","protected":false},"author":1,"featured_media":0,"parent":0,"menu_order":0,"comment_status":"closed","ping_status":"closed","template":"","meta":{"footnotes":""},"class_list":["post-16","page","type-page","status-publish","hentry"],"_links":{"self":[{"href":"https:\/\/www.vortova.cz\/index.php?rest_route=\/wp\/v2\/pages\/16","targetHints":{"allow":["GET"]}}],"collection":[{"href":"https:\/\/www.vortova.cz\/index.php?rest_route=\/wp\/v2\/pages"}],"about":[{"href":"https:\/\/www.vortova.cz\/index.php?rest_route=\/wp\/v2\/types\/page"}],"author":[{"embeddable":true,"href":"https:\/\/www.vortova.cz\/index.php?rest_route=\/wp\/v2\/users\/1"}],"replies":[{"embeddable":true,"href":"https:\/\/www.vortova.cz\/index.php?rest_route=%2Fwp%2Fv2%2Fcomments&post=16"}],"version-history":[{"count":13,"href":"https:\/\/www.vortova.cz\/index.php?rest_route=\/wp\/v2\/pages\/16\/revisions"}],"predecessor-version":[{"id":10716,"href":"https:\/\/www.vortova.cz\/index.php?rest_route=\/wp\/v2\/pages\/16\/revisions\/10716"}],"wp:attachment":[{"href":"https:\/\/www.vortova.cz\/index.php?rest_route=%2Fwp%2Fv2%2Fmedia&parent=16"}],"curies":[{"name":"wp","href":"https:\/\/api.w.org\/{rel}","templated":true}]}}