{"id":25,"date":"2014-02-10T18:16:12","date_gmt":"2014-02-10T17:16:12","guid":{"rendered":"http:\/\/obecheralec.cz\/?page_id=25"},"modified":"2025-05-18T16:42:36","modified_gmt":"2025-05-18T15:42:36","slug":"posta-heralec","status":"publish","type":"page","link":"https:\/\/www.vortova.cz\/?page_id=25","title":{"rendered":"Po\u0161ta Partner"},"content":{"rendered":"<p><strong>Adresa:<\/strong> Vortov\u00e1 59, 539 61<\/p>\n<div>\n<p><strong>Telefon<\/strong><\/p>\n<\/div>\n<div>\n<p>+420 735\u00a0770\u00a0530<br \/>\n+420 737\u00a0987\u00a0410<\/p>\n<\/div>\n<p><strong>Otev\u00edrac\u00ed doba:<\/strong><\/p>\n<table class=\"df_tb \" style=\"height: 120px;\">\n<tbody>\n<tr style=\"height: 24px;\">\n<td style=\"height: 24px; width: 130px;\">PO<\/td>\n<td style=\"height: 24px; width: 490px;\">8:00 &#8211; 11:00<\/td>\n<\/tr>\n<tr style=\"height: 24px;\">\n<td style=\"height: 24px; width: 130px;\">\u00daT<\/td>\n<td style=\"height: 24px; width: 490px;\">12:30 &#8211; 15:30<\/td>\n<\/tr>\n<tr style=\"height: 24px;\">\n<td style=\"height: 24px; width: 130px;\">ST<\/td>\n<td style=\"height: 24px; width: 490px;\">8:00 &#8211; 11:00<\/td>\n<\/tr>\n<tr style=\"height: 24px;\">\n<td style=\"height: 24px; width: 130px;\">\u010cT<\/td>\n<td style=\"height: 24px; width: 490px;\">12:30 &#8211; 15:30<\/td>\n<\/tr>\n<tr style=\"height: 24px;\">\n<td style=\"height: 24px; width: 130px;\">P\u00c1<\/td>\n<td style=\"height: 24px; width: 490px;\">8:00 &#8211; 11:00<\/td>\n<\/tr>\n<\/tbody>\n<\/table>\n<div>\n<div>\n<div>\n<p><strong>Informace o slu\u017eb\u00e1ch<\/strong><\/p>\n<ul>\n<li>P\u0159ij\u00edm\u00e1 listovn\u00ed z\u00e1silky, bal\u00edkov\u00e9 z\u00e1silky a pouk\u00e1zky<\/li>\n<li>P\u0159ij\u00edm\u00e1 Bal\u00edk Do ruky<\/li>\n<li>Ukl\u00e1d\u00e1 Bal\u00edk Na po\u0161tu<\/li>\n<\/ul>\n<\/div>\n<\/div>\n<\/div>\n<div>\n<div>\n<div>\n<hr \/>\n<p><strong>Parametry pobo\u010dky<\/strong><\/p>\n<ul>\n<li>Zvonek pro p\u0159ivol\u00e1n\u00ed obsluhy<\/li>\n<li>Mo\u017enost platby kartou<\/li>\n<\/ul>\n<\/div>\n<\/div>\n<\/div>\n<div>\n<div>\n<div><\/div>\n<div>\n<p>&nbsp;<\/p>\n<\/div>\n<\/div>\n<\/div>\n","protected":false},"excerpt":{"rendered":"<p>Adresa: Vortov\u00e1 59, 539 61 Telefon +420 735\u00a0770\u00a0530 +420 737\u00a0987\u00a0410 Otev\u00edrac\u00ed doba: PO 8:00 &#8211; 11:00 \u00daT 12:30 &#8211; 15:30 ST 8:00 &#8211; 11:00 \u010cT 12:30 &#8211; 15:30 P\u00c1 8:00 &#8211; 11:00 Informace o slu\u017eb\u00e1ch P\u0159ij\u00edm\u00e1 listovn\u00ed z\u00e1silky, bal\u00edkov\u00e9 z\u00e1silky a pouk\u00e1zky P\u0159ij\u00edm\u00e1 Bal\u00edk Do ruky Ukl\u00e1d\u00e1 Bal\u00edk Na po\u0161tu Parametry pobo\u010dky Zvonek pro p\u0159ivol\u00e1n\u00ed [&hellip;]<\/p>\n","protected":false},"author":1,"featured_media":0,"parent":0,"menu_order":0,"comment_status":"closed","ping_status":"closed","template":"","meta":{"footnotes":""},"class_list":["post-25","page","type-page","status-publish","hentry"],"_links":{"self":[{"href":"https:\/\/www.vortova.cz\/index.php?rest_route=\/wp\/v2\/pages\/25","targetHints":{"allow":["GET"]}}],"collection":[{"href":"https:\/\/www.vortova.cz\/index.php?rest_route=\/wp\/v2\/pages"}],"about":[{"href":"https:\/\/www.vortova.cz\/index.php?rest_route=\/wp\/v2\/types\/page"}],"author":[{"embeddable":true,"href":"https:\/\/www.vortova.cz\/index.php?rest_route=\/wp\/v2\/users\/1"}],"replies":[{"embeddable":true,"href":"https:\/\/www.vortova.cz\/index.php?rest_route=%2Fwp%2Fv2%2Fcomments&post=25"}],"version-history":[{"count":12,"href":"https:\/\/www.vortova.cz\/index.php?rest_route=\/wp\/v2\/pages\/25\/revisions"}],"predecessor-version":[{"id":10902,"href":"https:\/\/www.vortova.cz\/index.php?rest_route=\/wp\/v2\/pages\/25\/revisions\/10902"}],"wp:attachment":[{"href":"https:\/\/www.vortova.cz\/index.php?rest_route=%2Fwp%2Fv2%2Fmedia&parent=25"}],"curies":[{"name":"wp","href":"https:\/\/api.w.org\/{rel}","templated":true}]}}