{"id":48,"date":"2014-02-10T19:55:27","date_gmt":"2014-02-10T18:55:27","guid":{"rendered":"http:\/\/obecheralec.cz\/?page_id=48"},"modified":"2020-12-29T22:20:08","modified_gmt":"2020-12-29T21:20:08","slug":"kalendar-akci","status":"publish","type":"page","link":"https:\/\/www.vortova.cz\/?page_id=48","title":{"rendered":"Kalend\u00e1\u0159 akc\u00ed"},"content":{"rendered":"<p>&nbsp;<\/p>\n<ul>\n<li>13. \u00fanor 2021&nbsp; &#8211; Masopust<\/li>\n<li>leden 2021&nbsp; &#8211; Hasi\u010dsk\u00fd ples<\/li>\n<\/ul>\n","protected":false},"excerpt":{"rendered":"<p>&nbsp; 13. \u00fanor 2021&nbsp; &#8211; Masopust leden 2021&nbsp; &#8211; Hasi\u010dsk\u00fd ples<\/p>\n","protected":false},"author":1,"featured_media":0,"parent":0,"menu_order":0,"comment_status":"closed","ping_status":"closed","template":"","meta":{"footnotes":""},"class_list":["post-48","page","type-page","status-publish","hentry"],"_links":{"self":[{"href":"https:\/\/www.vortova.cz\/index.php?rest_route=\/wp\/v2\/pages\/48","targetHints":{"allow":["GET"]}}],"collection":[{"href":"https:\/\/www.vortova.cz\/index.php?rest_route=\/wp\/v2\/pages"}],"about":[{"href":"https:\/\/www.vortova.cz\/index.php?rest_route=\/wp\/v2\/types\/page"}],"author":[{"embeddable":true,"href":"https:\/\/www.vortova.cz\/index.php?rest_route=\/wp\/v2\/users\/1"}],"replies":[{"embeddable":true,"href":"https:\/\/www.vortova.cz\/index.php?rest_route=%2Fwp%2Fv2%2Fcomments&post=48"}],"version-history":[{"count":26,"href":"https:\/\/www.vortova.cz\/index.php?rest_route=\/wp\/v2\/pages\/48\/revisions"}],"predecessor-version":[{"id":8792,"href":"https:\/\/www.vortova.cz\/index.php?rest_route=\/wp\/v2\/pages\/48\/revisions\/8792"}],"wp:attachment":[{"href":"https:\/\/www.vortova.cz\/index.php?rest_route=%2Fwp%2Fv2%2Fmedia&parent=48"}],"curies":[{"name":"wp","href":"https:\/\/api.w.org\/{rel}","templated":true}]}}