{"id":581,"date":"2014-05-12T21:24:04","date_gmt":"2014-05-12T20:24:04","guid":{"rendered":"http:\/\/obecheralec.cz\/?page_id=581"},"modified":"2014-05-12T21:24:04","modified_gmt":"2014-05-12T20:24:04","slug":"zakova-hora","status":"publish","type":"page","link":"https:\/\/www.vortova.cz\/?page_id=581","title":{"rendered":"\u017d\u00e1kova hora"},"content":{"rendered":"<p>\u017d\u00e1kova hora (810 m) je v\u00fdrazn\u00fdm vrcholem \u017d\u010f\u00e1rsk\u00fdch vrch\u016f. Nach\u00e1z\u00ed se 2 km severov\u00fdchodn\u011b od osady Cikh\u00e1j a 3 km jihoz\u00e1padn\u011b od Dev\u00edti skal. Jm\u00e9no vrchu je odvozeno od pov\u011bsti o \u017e\u00e1c\u00edch, chovanc\u00edch \u017e\u010f\u00e1rsk\u00e9ho kl\u00e1\u0161tera, kte\u0159\u00ed v hvozdnat\u00e9 samot\u011b hory zabloudili a u\u017e se nevr\u00e1tili. Lesn\u00ed komplex \u017d\u00e1kovy hory je od roku 1933 vyhl\u00e1\u0161en rezervac\u00ed, kter\u00e1 chr\u00e1n\u00ed v\u00fdjime\u010dn\u011b zachoval\u00fd segment p\u0159irozen\u00fdch pralesovit\u00fdch lesn\u00edch spole\u010denstev. Vrchol kopce je zalesn\u011bn\u00fd, bez rozhledu.<\/p>\n<p>V\u00fdchodn\u00edm sm\u011brem od vrcholu se nach\u00e1z\u00ed stud\u00e1nka Eleonorka a St\u0159\u00edbrn\u00e1 stud\u00e1nka. Ve St\u0159\u00edbrn\u00e9 stud\u00e1nce pramen\u00ed jedna z velk\u00fdch moravsk\u00fdch \u0159ek \u2013 Svratka. \u017d\u00e1kovou horou proch\u00e1z\u00ed Nau\u010dn\u00e1 stezka \u017d\u00e1kova hora \u2013 Tis\u016fvka. V\u00fdchoz\u00edm m\u00edstem je obec Cikh\u00e1je. Stezka je dlouh\u00e1 p\u0159ibli\u017en\u011b 10 km a seznamuje s p\u0159\u00edrodou a histori\u00ed severn\u00ed \u010d\u00e1sti \u010ceskomoravsk\u00e9 vrchoviny, \u017d\u010f\u00e1rsk\u00fdmi vrchy s prameni\u0161ti \u0159ek S\u00e1zavy a Svratky a rozs\u00e1hl\u00fdmi lesy.<\/p>\n<p>Nejen kolem trasy nau\u010dn\u00e9 stezky, ale v\u0161ude v \u0161ir\u0161\u00edm okol\u00ed, najdete pomn\u00ed\u010dky p\u0159ipom\u00ednaj\u00edc\u00ed partyz\u00e1nsk\u00fd odboj za druh\u00e9 sv\u011btov\u00e9 v\u00e1lky<\/p>\n","protected":false},"excerpt":{"rendered":"<p>\u017d\u00e1kova hora (810 m) je v\u00fdrazn\u00fdm vrcholem \u017d\u010f\u00e1rsk\u00fdch vrch\u016f. Nach\u00e1z\u00ed se 2 km severov\u00fdchodn\u011b od osady Cikh\u00e1j a 3 km jihoz\u00e1padn\u011b od Dev\u00edti skal. Jm\u00e9no vrchu je odvozeno od pov\u011bsti o \u017e\u00e1c\u00edch, chovanc\u00edch \u017e\u010f\u00e1rsk\u00e9ho kl\u00e1\u0161tera, kte\u0159\u00ed v hvozdnat\u00e9 samot\u011b hory zabloudili a u\u017e se nevr\u00e1tili. Lesn\u00ed komplex \u017d\u00e1kovy hory je od roku 1933 vyhl\u00e1\u0161en rezervac\u00ed, [&hellip;]<\/p>\n","protected":false},"author":1,"featured_media":0,"parent":0,"menu_order":0,"comment_status":"closed","ping_status":"closed","template":"","meta":{"footnotes":""},"class_list":["post-581","page","type-page","status-publish","hentry"],"_links":{"self":[{"href":"https:\/\/www.vortova.cz\/index.php?rest_route=\/wp\/v2\/pages\/581","targetHints":{"allow":["GET"]}}],"collection":[{"href":"https:\/\/www.vortova.cz\/index.php?rest_route=\/wp\/v2\/pages"}],"about":[{"href":"https:\/\/www.vortova.cz\/index.php?rest_route=\/wp\/v2\/types\/page"}],"author":[{"embeddable":true,"href":"https:\/\/www.vortova.cz\/index.php?rest_route=\/wp\/v2\/users\/1"}],"replies":[{"embeddable":true,"href":"https:\/\/www.vortova.cz\/index.php?rest_route=%2Fwp%2Fv2%2Fcomments&post=581"}],"version-history":[{"count":1,"href":"https:\/\/www.vortova.cz\/index.php?rest_route=\/wp\/v2\/pages\/581\/revisions"}],"predecessor-version":[{"id":582,"href":"https:\/\/www.vortova.cz\/index.php?rest_route=\/wp\/v2\/pages\/581\/revisions\/582"}],"wp:attachment":[{"href":"https:\/\/www.vortova.cz\/index.php?rest_route=%2Fwp%2Fv2%2Fmedia&parent=581"}],"curies":[{"name":"wp","href":"https:\/\/api.w.org\/{rel}","templated":true}]}}