{"id":590,"date":"2014-05-12T21:36:58","date_gmt":"2014-05-12T20:36:58","guid":{"rendered":"http:\/\/obecheralec.cz\/?page_id=590"},"modified":"2020-12-09T22:12:12","modified_gmt":"2020-12-09T21:12:12","slug":"sdh-heralec","status":"publish","type":"page","link":"https:\/\/www.vortova.cz\/?page_id=590","title":{"rendered":"SDH Vortov\u00e1"},"content":{"rendered":"<p>&nbsp;<\/p>\n<p>P\u0159i p\u00e1tr\u00e1n\u00ed po za\u010d\u00e1tc\u00edch sboru dobrovoln\u00fdch hasi\u010d\u016f je jen stroh\u00fd z\u00e1pis: Sbor dobrovoln\u00fdch hasi\u010d\u016f a stanovy od c. a k. hejtmanstv\u00ed schv\u00e1leny roku 1901. I kdy\u017e ru\u010dn\u00ed \u010dty\u0159kolov\u00e1 st\u0159\u00edka\u010dka od firmy R.A. Sm\u00e9kal Praha byla v obci ji\u017e 22. prosince 1900, a sbor ji vlastn\u00ed dodnes.<\/p>\n<p>5. \u0159\u00edjna 1901 bylo od firmy Karel Churain v Hlinsku zakoupeno 20 p\u0159ileb, sign\u00e1lky, sekerky, p\u00e1sy, \u017eeb\u0159\u00edky, trhac\u00ed h\u00e1ky a 133 metr\u016f pl\u00e1tna na stejnokroje. V roce 1902 bylo od t\u00e9to firmy p\u0159ikoupeno 60 m hadic.<\/p>\n<p>Dne 1. prosince 1901 byla kon\u00e1na volba \u010dlen\u016f veden\u00ed dobrovoln\u00fdch hasi\u010d\u016f na dobu 3 rok\u016f.<br \/>\nV po\u010d\u00e1tc\u00edch sboru se hodn\u011b st\u0159\u00eddali \u010dlenov\u00e9 i veden\u00ed sboru. Jednateli sboru byli v\u011bt\u0161inou u\u010ditel\u00e9 m\u00edstn\u00ed \u0161koly, a tak jak se st\u0159\u00eddali u\u010ditel\u00e9, st\u0159\u00eddali se i jednatel\u00e9. A\u017e \u0159\u00e1dn\u00fd z\u00e1pis z valn\u00e9 hromady z 2. \u00fanora 1905 teprve uv\u00e1d\u00ed jmenovit\u011b veden\u00ed sboru.<\/p>\n<p>V dal\u0161\u00edch letech byla dopl\u0148ov\u00e1na v\u00fdstroj a v\u00fdzbroj. V roce 1909 byly zakoupeny dv\u011b d\u017eberov\u00e9 st\u0159\u00edka\u010dky, r\u016fzn\u00e9 \u017eeb\u0159\u00edky a dvoukolov\u00fd navij\u00e1k na hadice. Obec po\u0159\u00eddila 15 nov\u00fdch pl\u00e1t\u011bn\u00fdch kalhot, kter\u00e9 byly pou\u017e\u00edv\u00e1ny jak pro pr\u00e1ci dom\u00e1c\u00ed tak i poln\u00ed, co\u017e bylo starostou obce zak\u00e1z\u00e1no.<\/p>\n<p>Sbor po\u0159\u00e1dal dle z\u00e1pis\u016f r\u016fzn\u00e1 okrskov\u00e1 i m\u00edstn\u00ed cvi\u010den\u00ed, na nich\u017e se z\u00fa\u010dast\u0148ovaly i okoln\u00ed sbory, ale p\u0159edev\u0161\u00edm zasahoval p\u0159i po\u017e\u00e1rech v obci i v okol\u00ed, hodn\u011b zaj\u00ed\u017ed\u011bl i do Hlinska, kde \u010dasto ho\u0159elo.<\/p>\n<p>K 14. listopadu 1909 sbor \u010d\u00edtal 16 \u010dlen\u016f \u010dinn\u00fdch, 1 zakl\u00e1daj\u00edc\u00edho a 2 \u010destn\u00e9 \u010dleny. A\u017e do za\u010d\u00e1tku 1. sv\u011btov\u00e9 v\u00e1lky 30. \u010dervence 1914 se cvi\u010dilo, jezdilo se k po\u017e\u00e1r\u016fm, konaly se plesy a byla jin\u00e1 \u010dinnost. Po mobilizaci \u010dinnost sboru ustala. V na\u0161\u00ed obci si v\u00e1lka vy\u017e\u00e1dala \u017eivoty 13 ob\u010dan\u016f, z nich\u017e mnoz\u00ed byli i \u010dleny sboru. \u010cest jejich pam\u00e1tce. Pomn\u00edk ob\u011btem v\u00e1lky byl odhalen 16. kv\u011btna 1921. \u010cinnost sboru za\u010dala znovu a\u017e po v\u00e1lce v roce 1919. Na valn\u00e9 hromad\u011b konan\u00e9 dne 11. ledna 1920 byl zvolen nov\u00fd v\u00fdbor a za\u010dalo se znovu cvi\u010dit, po\u0159\u00e1daly se ka\u017edoro\u010dn\u011b plesy. Sbor se z\u00fa\u010dast\u0148oval cvi\u010den\u00ed v okoln\u00edch obc\u00edch, i kdy\u017e m\u011bl probl\u00e9my s oble\u010den\u00edm. Na valn\u00e9 hromad\u011b v roce 1924 byl zvolen velitelem Franti\u0161ek Hlad\u00edk \u010dp. 19, kter\u00fd tuto funkci zast\u00e1val a\u017e do dubna 1945. Za jeho velitelov\u00e1n\u00ed si sbor vedl velice dob\u0159e, proto\u017ee tento velitel byl hlavn\u00ed s\u00edlou v\u0161eho d\u011bn\u00ed ve sboru a v obci.<\/p>\n<p>Dne 24. kv\u011btna 1925 v 7 hodin ve\u010der vypukl po\u017e\u00e1r ve Lhotech v \u010dp. 6. Pro nedostatek vody se roz\u0161\u00ed\u0159il na dal\u0161\u00ed 4 staven\u00ed. Ha\u0161en\u00ed tohoto po\u017e\u00e1du se z\u00fa\u010dastnily sbory z Kameni\u010dek, Jen\u00edkova, D\u011bdov\u00e9, Her\u00e1lce, Hamr\u016f, Studnic a Hlinska. V roce 1926 bylo na valn\u00e9 hromad\u011b p\u0159ed\u00e1no \u010dlen\u016fm \u010destn\u00e9 uzn\u00e1n\u00ed za 25 let ob\u011btav\u00e9 pr\u00e1ce. Toho roku se po\u0159\u00e1daly dva plesy a jedno divadeln\u00ed p\u0159edstaven\u00ed.<\/p>\n<p>Dne 19. \u0159\u00edjna 1928 byla zakoupena od firmy Anton\u00edn Hole\u010dek Praha Sm\u00edchov motorov\u00e1 st\u0159\u00edka\u010dka, 175 m hadic a dal\u0161\u00ed p\u0159\u00edslu\u0161enstv\u00ed. Motor byl le\u017eat\u00fd protib\u011b\u017en\u00fd dvouv\u00e1lec o v\u00fdkonu 26 kon\u00ed, v\u00fdkon st\u0159\u00edka\u010dky 750 \u2013 850 litr\u016f vody. Tuto st\u0159\u00edka\u010dku zaplatila obec a sbor se uvolil \u010d\u00e1stku 34.401,- K\u010d spl\u00e1cet. P\u0159i po\u017e\u00e1ru 4. dubna 1929 u Stanislava \u017doudl\u00edka \u010dp. 21 se st\u0159\u00edka\u010dka porouchala a neb\u00fdt st\u0159\u00edka\u010dky z Hlinska, sho\u0159elo by snad p\u016fl obce. Vyho\u0159elo n\u011bkolik stodol a obytn\u00e1 \u010d\u00e1st \u010dp. 18. Oprava st\u0159\u00edka\u010dky byla provedena dod\u00e1vaj\u00edc\u00ed firmou za 252,- K\u010d. P\u0159i ostatn\u00edch po\u017e\u00e1rech a cvi\u010den\u00edch u\u017e st\u0159\u00edka\u010dka pracovala v\u00fdborn\u011b.<\/p>\n<p>Odchodem \u0159\u00edd\u00edc\u00edho u\u010ditele Josefa Kuli\u010dky v roce 1932 ztratil sbor dlouholet\u00e9ho pokladn\u00edka, vzd\u011blavatele a samarit\u00e1na. V t\u00e9 dob\u011b byly po\u017e\u00e1ry velmi \u010dast\u00e9, ale byly tak\u00e9 \u00fasp\u011b\u0161n\u011b zdol\u00e1v\u00e1ny. To se v\u0161ak kupodivu mnoh\u00fdm nel\u00edbilo, obzvl\u00e1\u0161t\u011b t\u011bm, kte\u0159\u00ed m\u011bli d\u016fm poji\u0161t\u011bn\u00fd. Jinak sbor po\u0159\u00e1dal okrskov\u00e9 sjezdy a cvi\u010den\u00ed a tak\u00e9 se \u00fa\u010dastnil v okoln\u00edch obc\u00edch.<\/p>\n<p>B\u011bhem druh\u00e9 sv\u011btov\u00e9 v\u00e1lky byla \u010dinnost sboru omezov\u00e1na jednak okupanty, jednak odchodem \u010dlen\u016f do N\u011bmecka na nucen\u00e9 pr\u00e1ce. Kr\u00e1tce p\u0159ed osvobozen\u00edm dne 14. dubna 1945 odstoupil velitel Franti\u0161ek Hlad\u00edk \u010dp. 19 a byl zvolen Vincenc Bure\u0161 \u010dp. 89, kter\u00fd tuto funkci zast\u00e1val a\u017e do svoj\u00ed smrti v roce 1977.<\/p>\n<p>Po v\u00e1lce se \u010dinnost sboru obnovila a 14. kv\u011btna 1946 se ve Vortov\u00e9 konalo okrskov\u00e9 cvi\u010den\u00ed. 27. \u010dervna 1948 se n\u00e1\u0161 sbor i mnoho sbor\u016f z okol\u00ed \u00fa\u010dastnilo slavnostn\u00edho otev\u0159en\u00ed Pavilonu, p\u0159i kter\u00e9m hr\u00e1la Kmochova hudba z Kol\u00edna. V roce 1948 provedla firma R.A. Sm\u00e9kal Slati\u0148any opravu motorov\u00e9 st\u0159\u00edka\u010dky v hodnot\u011b 20.873,60 K\u010d, tuto \u010d\u00e1stku zaplatil Vil\u00e9m \u0160mahel, tehdej\u0161\u00ed p\u0159edseda MNV a majitel tkalcovny.<\/p>\n<p>K 31.12.1950 m\u011bl sbor 22 \u010dlen\u016f. V listopadu 1952 dostal sbor novou st\u0159\u00edka\u010dku P.S. 16 v cen\u011b 37.104,- K\u010d. 17. dubna 1953 byla p\u0159ijata do sboru d\u011bv\u010data a zalo\u017eena dorosteneck\u00e1 dev\u00edtka. Tato d\u011bv\u010data sout\u011b\u017eila \u00fasp\u011b\u0161n\u011b n\u011bkolik let a a\u017e provd\u00e1n\u00edm d\u011bv\u010dat se dru\u017estvo rozpadlo. 18. b\u0159ezna 1955 bylo na\u0161emu sboru zap\u016fj\u010deno \u0161t\u00e1bem CO vozidlo Praga RN se st\u0159\u00edka\u010dkou PS8 a p\u0159\u00edslu\u0161enstv\u00edm, kter\u00e9 n\u00e1m bylo pozd\u011bji p\u0159es MNV p\u0159ed\u00e1no k u\u017e\u00edv\u00e1n\u00ed. V roce 1956 byl zakoupen prom\u00edtac\u00ed p\u0159\u00edstroj, gramofon, desky a sbor za\u010dal v obci provozovat kino, prom\u00edtalo se nejprve u Pl\u00ed\u0161ku a pot\u00e9 v s\u00e1le b\u00fdval\u00e9ho hostince. Sbor v roce 1957 zakoupil od pana Melouna z Trhov\u00e9 Kamenice autobus Praga AN, se kter\u00fdm jsme jezdili po sout\u011b\u017e\u00edch po okol\u00ed i po z\u00e1bav\u00e1ch.<\/p>\n<p>Z let 1958 a\u017e 1965 se nedochovaly \u017e\u00e1dn\u00e9 z\u00e1pisy, proto je t\u011b\u017ek\u00e9 po takov\u00e9 dob\u011b uv\u00e1d\u011bt n\u011bjak\u00e9 \u00fadaje o \u010dinnosti sboru. Pouze v\u00edme, \u017ee se ka\u017edoro\u010dn\u011b sbor z\u00fa\u010dast\u0148oval sout\u011b\u017e\u00ed a p\u0159\u00edle\u017eitostn\u011b oslav sousedn\u00edch sbor\u016f. V roce 1969 byla zbudov\u00e1na po\u017e\u00e1rn\u00ed n\u00e1dr\u017e u zbrojnice, kter\u00e1 byla v p\u0159\u00ed\u0161t\u00edm roce oplocena. V roce 1972 byly zhotoveny su\u0161\u00e1ky na hadice. V roce 1982 byly op\u011bt p\u0159ijaty do sboru \u017eeny, bohu\u017eel se ji\u017e nepoda\u0159ilo sestavit sout\u011b\u017en\u00ed dru\u017estvo \u017een a tak se \u017eeny pod\u00edlely na po\u0159\u00e1d\u00e1n\u00ed kulturn\u00edch akc\u00ed. 5. kv\u011btna 1987 sbor pom\u00e1hal obyvatel\u016fm p\u0159i povodni, kter\u00e1 p\u0159i\u0161la v d\u016fsledku p\u0159\u00edvalov\u00fdch de\u0161\u0165\u016f v kopc\u00edch nad Vortovou. V letech 1988 a\u017e 1990 se \u010dlenov\u00e9 sboru nemalou m\u011brou pod\u00edleli na v\u00fdstavb\u011b kulturn\u00edho za\u0159\u00edzen\u00ed, kter\u00e9 v obci vzniklo p\u0159estavbou b\u00fdval\u00e9 \u0161koln\u00ed budovy a p\u0159\u00edstavbou s\u00e1lu. 6. \u010dervna 1991 po\u0159\u00e1dal sbor u p\u0159\u00edle\u017eitosti 90. v\u00fdro\u010d\u00ed slavnost s okrskovou sout\u011b\u017e\u00ed.<\/p>\n<p>V roce 1992 se sboru poda\u0159ilo zakoupit od Vojensk\u00e9ho \u00fatvaru v Pardubic\u00edch motorovou st\u0159\u00edka\u010dku PS 12 na samostatn\u00e9m podvozku i s p\u0159\u00edslu\u0161enstv\u00edm za cenu kovov\u00e9ho \u0161rotu. Pro zhor\u0161uj\u00edc\u00ed se technick\u00fd stav st\u00e1vaj\u00edc\u00edho vozidla jsme cht\u011bli z\u00edskat i nov\u00e9 vozidlo s cisternou, ale to se po rozpadu republiky a rozd\u011blen\u00ed arm\u00e1dy u\u017e nepovedlo. A\u017e v roce 1997 zakoupila obec pro sbor z autobazaru vy\u0159azen\u00e9 vojensk\u00e9 auto Praga V3S se sk\u0159\u00ed\u0148ovou n\u00e1stavbou za 59.800,- K\u010d, kter\u00e9 bylo p\u0159estav\u011bno na p\u0159epravu osob. Star\u00e9 po\u017e\u00e1rn\u00ed auto Praga RN se pro \u0161patn\u00fd technick\u00fd stav prodalo v roce 1999.<\/p>\n<p>22. kv\u011btna 1994 na\u0161e dru\u017estvo vyhr\u00e1lo 1. m\u00edsto na okrskov\u00e9 sout\u011b\u017ei a postoupili jsme do okresn\u00edho kola, kter\u00e9 se konalo v Otradov\u011b. P\u0159esto, \u017ee jsme se um\u00edstili na 12. m\u00edst\u011b z 19 z\u00fa\u010dastn\u011bn\u00fdch dru\u017estev, byla to pro n\u00e1s velik\u00e1 zku\u0161enost jak se rychle vyv\u00edj\u00ed po\u017e\u00e1rn\u00ed sport, hlavn\u011b v oblasti techniky a vybaven\u00ed.<\/p>\n<p>Sbor dobrovoln\u00fdch hasi\u010d\u016f je jedinou organizac\u00ed, kter\u00e1 po roce 1990 v obci z\u016fstala, a d\u00e1 se proto \u0159\u00edct, \u017ee p\u0159evzala i \u00falohu kulturn\u00ed. Nen\u00ed to ostatn\u011b nic nov\u00e9ho, ji\u017e v minulosti \u010dlenov\u00e9 sboru hr\u00e1li divadlo, provozovali kino a dal\u0161\u00ed akce pro pobaven\u00ed sv\u00e9 i ostatn\u00edch ob\u010dan\u016f. Ka\u017edoro\u010dn\u011b sbor po\u0159\u00e1d\u00e1 tradi\u010dn\u00ed hasi\u010dsk\u00fd ples, staro\u010deskou ma\u0161karu a n\u011bkolik tane\u010dn\u00edch z\u00e1bav.<\/p>\n<p>Cht\u011bli bychom vzpomenout v\u0161ech t\u011bch pracovit\u00fdch a ob\u011btav\u00fdch lid\u00ed, kte\u0159\u00ed se v na\u0161em sboru vyst\u0159\u00eddali a po celou tu dobu jednoho stolet\u00ed si p\u0159ed\u00e1vali \u0161tafetu k ochran\u011b lidsk\u00fdch \u017eivot\u016f, majetku, a v neposledn\u00ed \u0159ad\u011b tak\u00e9 kulturn\u00edho vy\u017eit\u00ed ob\u010dan\u016f.<\/p>\n","protected":false},"excerpt":{"rendered":"<p>&nbsp; P\u0159i p\u00e1tr\u00e1n\u00ed po za\u010d\u00e1tc\u00edch sboru dobrovoln\u00fdch hasi\u010d\u016f je jen stroh\u00fd z\u00e1pis: Sbor dobrovoln\u00fdch hasi\u010d\u016f a stanovy od c. a k. hejtmanstv\u00ed schv\u00e1leny roku 1901. I kdy\u017e ru\u010dn\u00ed \u010dty\u0159kolov\u00e1 st\u0159\u00edka\u010dka od firmy R.A. Sm\u00e9kal Praha byla v obci ji\u017e 22. prosince 1900, a sbor ji vlastn\u00ed dodnes. 5. \u0159\u00edjna 1901 bylo od firmy Karel Churain [&hellip;]<\/p>\n","protected":false},"author":1,"featured_media":0,"parent":0,"menu_order":0,"comment_status":"closed","ping_status":"closed","template":"","meta":{"footnotes":""},"class_list":["post-590","page","type-page","status-publish","hentry"],"_links":{"self":[{"href":"https:\/\/www.vortova.cz\/index.php?rest_route=\/wp\/v2\/pages\/590","targetHints":{"allow":["GET"]}}],"collection":[{"href":"https:\/\/www.vortova.cz\/index.php?rest_route=\/wp\/v2\/pages"}],"about":[{"href":"https:\/\/www.vortova.cz\/index.php?rest_route=\/wp\/v2\/types\/page"}],"author":[{"embeddable":true,"href":"https:\/\/www.vortova.cz\/index.php?rest_route=\/wp\/v2\/users\/1"}],"replies":[{"embeddable":true,"href":"https:\/\/www.vortova.cz\/index.php?rest_route=%2Fwp%2Fv2%2Fcomments&post=590"}],"version-history":[{"count":2,"href":"https:\/\/www.vortova.cz\/index.php?rest_route=\/wp\/v2\/pages\/590\/revisions"}],"predecessor-version":[{"id":8625,"href":"https:\/\/www.vortova.cz\/index.php?rest_route=\/wp\/v2\/pages\/590\/revisions\/8625"}],"wp:attachment":[{"href":"https:\/\/www.vortova.cz\/index.php?rest_route=%2Fwp%2Fv2%2Fmedia&parent=590"}],"curies":[{"name":"wp","href":"https:\/\/api.w.org\/{rel}","templated":true}]}}