{"id":905,"date":"2014-05-27T15:25:27","date_gmt":"2014-05-27T14:25:27","guid":{"rendered":"http:\/\/obecheralec.cz\/?page_id=905"},"modified":"2026-01-07T13:13:16","modified_gmt":"2026-01-07T12:13:16","slug":"sazebnik-poplatku-a-sluzeb","status":"publish","type":"page","link":"https:\/\/www.vortova.cz\/?page_id=905","title":{"rendered":"Sazebn\u00edk poplatk\u016f a slu\u017eeb"},"content":{"rendered":"<h2><\/h2>\n<table style=\"height: 606px;\" width=\"634\">\n<colgroup>\n<col width=\"150\" \/><\/colgroup>\n<tbody>\n<tr style=\"height: 24px;\">\n<th style=\"width: 148.575px; height: 10px;\"><\/th>\n<td style=\"width: 471.825px; height: 10px;\"><\/td>\n<\/tr>\n<tr style=\"height: 44px;\">\n<th style=\"width: 148.575px; height: 65px;\">ov\u011b\u0159en\u00ed podpisu<\/th>\n<td style=\"width: 471.825px; height: 65px;\">50 K\u010d<\/td>\n<\/tr>\n<tr style=\"height: 24px;\">\n<th style=\"width: 148.575px; height: 41px;\">ov\u011b\u0159en\u00ed listiny<\/th>\n<td style=\"width: 471.825px; height: 41px;\">50 K\u010d\/1 strana<\/td>\n<\/tr>\n<tr style=\"height: 64px;\">\n<th style=\"width: 148.575px; height: 63px;\">zm\u011bna trval\u00e9ho pobytu<\/th>\n<td style=\"width: 471.825px; height: 63px;\">50 K\u010d\/osoba<\/td>\n<\/tr>\n<tr style=\"height: 64px;\">\n<th style=\"width: 148.575px; height: 66px;\">poplatek za psa<\/th>\n<td style=\"width: 471.825px; height: 66px;\">50 K\u010d\/rok<\/td>\n<\/tr>\n<tr style=\"height: 44px;\">\n<th style=\"width: 148.575px; height: 69px;\">poplatek za popelnici<\/th>\n<td style=\"width: 471.825px; height: 69px;\">770 K\u010d\/osoba, 770 K\u010d u rekrea\u010dn\u00edch chalup<\/td>\n<\/tr>\n<tr style=\"height: 44px;\">\n<th style=\"width: 148.575px; height: 10px;\"><\/th>\n<td style=\"width: 471.825px; height: 10px;\"><\/td>\n<\/tr>\n<tr style=\"height: 10px;\">\n<th style=\"width: 148.575px; height: 58px;\">poplatek za hrob<\/th>\n<td style=\"width: 471.825px; height: 58px;\">120 K\u010d jednohrob, 240 K\u010d dvojhrob \/ 10 let<\/td>\n<\/tr>\n<tr style=\"height: 24px;\">\n<th style=\"width: 148.575px; height: 24px;\"><\/th>\n<td style=\"width: 471.825px; height: 24px;\"><\/td>\n<\/tr>\n<tr style=\"height: 24px;\">\n<th style=\"width: 148.575px; height: 24px;\"><\/th>\n<td style=\"width: 471.825px; height: 24px;\"><\/td>\n<\/tr>\n<tr style=\"height: 44px;\">\n<th style=\"width: 148.575px; height: 44px;\"><\/th>\n<td style=\"width: 471.825px; height: 44px;\"><\/td>\n<\/tr>\n<tr style=\"height: 44px;\">\n<th style=\"width: 148.575px; height: 44px;\"><\/th>\n<td style=\"width: 471.825px; height: 44px;\"><\/td>\n<\/tr>\n<tr style=\"height: 44px;\">\n<th style=\"width: 148.575px; height: 44px;\"><\/th>\n<td style=\"width: 471.825px; height: 44px;\"><\/td>\n<\/tr>\n<tr style=\"height: 44px;\">\n<th style=\"width: 148.575px; height: 44px;\"><\/th>\n<td style=\"width: 471.825px; height: 44px;\"><\/td>\n<\/tr>\n<\/tbody>\n<\/table>\n<p>&nbsp;<\/p>\n","protected":false},"excerpt":{"rendered":"<p>ov\u011b\u0159en\u00ed podpisu 50 K\u010d ov\u011b\u0159en\u00ed listiny 50 K\u010d\/1 strana zm\u011bna trval\u00e9ho pobytu 50 K\u010d\/osoba poplatek za psa 50 K\u010d\/rok poplatek za popelnici 770 K\u010d\/osoba, 770 K\u010d u rekrea\u010dn\u00edch chalup poplatek za hrob 120 K\u010d jednohrob, 240 K\u010d dvojhrob \/ 10 let &nbsp;<\/p>\n","protected":false},"author":1,"featured_media":0,"parent":0,"menu_order":0,"comment_status":"closed","ping_status":"closed","template":"","meta":{"footnotes":""},"class_list":["post-905","page","type-page","status-publish","hentry"],"_links":{"self":[{"href":"https:\/\/www.vortova.cz\/index.php?rest_route=\/wp\/v2\/pages\/905","targetHints":{"allow":["GET"]}}],"collection":[{"href":"https:\/\/www.vortova.cz\/index.php?rest_route=\/wp\/v2\/pages"}],"about":[{"href":"https:\/\/www.vortova.cz\/index.php?rest_route=\/wp\/v2\/types\/page"}],"author":[{"embeddable":true,"href":"https:\/\/www.vortova.cz\/index.php?rest_route=\/wp\/v2\/users\/1"}],"replies":[{"embeddable":true,"href":"https:\/\/www.vortova.cz\/index.php?rest_route=%2Fwp%2Fv2%2Fcomments&post=905"}],"version-history":[{"count":14,"href":"https:\/\/www.vortova.cz\/index.php?rest_route=\/wp\/v2\/pages\/905\/revisions"}],"predecessor-version":[{"id":16660,"href":"https:\/\/www.vortova.cz\/index.php?rest_route=\/wp\/v2\/pages\/905\/revisions\/16660"}],"wp:attachment":[{"href":"https:\/\/www.vortova.cz\/index.php?rest_route=%2Fwp%2Fv2%2Fmedia&parent=905"}],"curies":[{"name":"wp","href":"https:\/\/api.w.org\/{rel}","templated":true}]}}